{"id":174,"date":"2021-09-07T10:05:13","date_gmt":"2021-09-07T10:05:13","guid":{"rendered":"https:\/\/fricopan.es\/?page_id=174"},"modified":"2021-09-07T10:05:13","modified_gmt":"2021-09-07T10:05:13","slug":"politica-de-ventas","status":"publish","type":"page","link":"https:\/\/fricopan.es\/blog\/politica-de-ventas\/","title":{"rendered":"POL\u00cdTICA DE VENTAS"},"content":{"rendered":"<p><\/p>\n<h1>POL\u00cdTICA DE VENTAS<\/h1>\n<p><\/p>\n<p>Los precios publicados en nuestra tienda online se expresan en euros y llevan el IVA incluido.<br \/>Todos los pedidos est\u00e1n sujetos a disponibilidad. No garantizamos que nuestra web o el contenido de la misma est\u00e9 siempre disponible o exento de errores.<br \/>Los datos personales facilitados por el usuario se emplear\u00e1n con el \u00fanico fin de proceder al env\u00edo de los productos solicitados. Nuestra tienda online se compromete a no transferir sus datos personales a otras empresas.<br \/>FRICOPAN SPANIEN S.L.\u00a0 rechaza la responsabilidad sobre la informaci\u00f3n contenida en p\u00e1ginas web de terceras partes conectadas por enlaces (links )<\/p>\n<h3><strong>ENV\u00cdOS:\u00a0\u00a0\u00a0<\/strong><\/h3>\n<p>B\u00e1sicamente depender\u00e1 de la disponibilidad del producto.<\/p>\n<p>Los productos de nuestra tienda estas disponibles para la provincias de Alicante, Valencia y Murcia.<\/p>\n<p>En las<span>\u00a0<\/span><strong>localidades m\u00e1s pr\u00f3ximas a nuestras instalaciones<\/strong>, los pedidos son entregados por nuestro propios medios.<span>\u00a0<\/span><strong>El importe m\u00ednimo del pedido es de 25\u20ac.<\/strong><\/p>\n<p>Para el<span>\u00a0<\/span><strong>resto de Alicante, Valencia y Murcia el importe m\u00ednimo de los pedidos debe de ser de 60\u20ac<\/strong>, y ser\u00e1 entregado por empresas especializadas en distribuci\u00f3n de productos congelados.<\/p>\n<p>Para pedidos fuera de las zonas indicadas, pueden telefonear a : +34 965 748 911<\/p>\n<p><span>[table id=1 \/]<\/span><\/p>\n<h3><strong>FORMAS DE PAGO:<\/strong><\/h3>\n<p>Por Pago virtual con tarjeta de cr\u00e9dito a trav\u00e9s de nuestra web.<br \/>Tambi\u00e9n puede realizar los pagos mediante transferencia bancaria o ingreso en cuenta. \u00a0En caso de pago por transferencia o ingreso en cuenta, si nos env\u00eda un correo electr\u00f3nico con el comprobante de pago, el proceso de preparaci\u00f3n se agiliza, no hemos de esperar a ver el ingreso en cuenta.<\/p>\n<h3><strong>DERECHOS DE DESISTIMIENTO<\/strong><\/h3>\n<p>El cliente no tiene derecho de desistimiento del contrato una vez confirmado el pedido, de manera expresa, puesto que se trata de productos congelados y que pueden deteriorarse o caducar con rapidez, tal y como dispone el art\u00edculo 103.d. del Real Decreto Legislativo 1\/2007, de 16 de noviembre, por el que se aprueba el texto refundido de la Ley General para la Defensa de los Consumidores y Usuarios y otras leyes complementarias.<\/p>\n<p><\/p>\n","protected":false},"excerpt":{"rendered":"<p>POL\u00cdTICA DE VENTASLos precios publicados en nuestra tienda online se expresan en euros y llevan el IVA incluido.Todos los pedidos est\u00e1n sujetos a disponibilidad. No garantizamos que nuestra web o el contenido de la misma est\u00e9 siempre disponible o exento de errores.Los datos personales facilitados por el usuario se emplear\u00e1n con el \u00fanico fin de proceder al env\u00edo de los productos solicitados. Nuestra tienda online se compromete a no transferir sus datos personales a otras empresas.FRICOPAN SPANIEN S.L.\u00a0 rechaza la responsabilidad sobre la informaci\u00f3n contenida en p\u00e1ginas web de terceras partes conectadas por enlaces (links ) ENV\u00cdOS:\u00a0\u00a0\u00a0 B\u00e1sicamente depender\u00e1 de la disponibilidad del producto. Los productos de nuestra tienda estas disponibles para la provincias de Alicante, Valencia y Murcia. En las\u00a0localidades m\u00e1s pr\u00f3ximas a nuestras instalaciones, los pedidos son entregados por nuestro propios medios.\u00a0El importe m\u00ednimo del pedido es de 25\u20ac. Para el\u00a0resto de Alicante, Valencia y Murcia el importe m\u00ednimo de los pedidos debe de ser de 60\u20ac, y ser\u00e1 entregado por empresas especializadas en distribuci\u00f3n de productos congelados. Para pedidos fuera de las zonas indicadas, pueden telefonear a : +34 965 748 911 [table id=1 \/] FORMAS DE PAGO: Por Pago virtual con tarjeta de cr\u00e9dito a trav\u00e9s de nuestra web.Tambi\u00e9n puede realizar los pagos mediante transferencia bancaria o ingreso en cuenta. \u00a0En caso de pago por transferencia o ingreso en cuenta, si nos env\u00eda un correo electr\u00f3nico con el comprobante de pago, el proceso de preparaci\u00f3n se agiliza, no hemos de esperar a ver el ingreso en cuenta. DERECHOS DE DESISTIMIENTO El cliente no tiene derecho de desistimiento del contrato una vez confirmado el pedido, de manera expresa, puesto que se trata de productos congelados y que pueden deteriorarse o caducar con rapidez, tal y como dispone el art\u00edculo 103.d. del Real Decreto Legislativo 1\/2007, de 16 de noviembre, por el que se aprueba el texto refundido de la Ley General para la Defensa de los Consumidores y Usuarios y otras leyes complementarias.<\/p>\n","protected":false},"author":1,"featured_media":0,"parent":0,"menu_order":0,"comment_status":"closed","ping_status":"closed","template":"","meta":{"_et_pb_use_builder":"on","_et_pb_old_content":"","_et_gb_content_width":"","_eb_attr":"","footnotes":""},"class_list":["post-174","page","type-page","status-publish","hentry"],"yoast_head":"<!-- This site is optimized with the Yoast SEO plugin v24.1 - https:\/\/yoast.com\/wordpress\/plugins\/seo\/ -->\n<title>POL\u00cdTICA DE VENTAS - Fricopan<\/title>\n<meta name=\"robots\" content=\"index, follow, max-snippet:-1, max-image-preview:large, max-video-preview:-1\" \/>\n<link rel=\"canonical\" href=\"https:\/\/fricopan.es\/blog\/politica-de-ventas\/\" \/>\n<meta property=\"og:locale\" content=\"es_ES\" \/>\n<meta property=\"og:type\" content=\"article\" \/>\n<meta property=\"og:title\" content=\"POL\u00cdTICA DE VENTAS - Fricopan\" \/>\n<meta property=\"og:description\" content=\"POL\u00cdTICA DE VENTASLos precios publicados en nuestra tienda online se expresan en euros y llevan el IVA incluido.Todos los pedidos est\u00e1n sujetos a disponibilidad. No garantizamos que nuestra web o el contenido de la misma est\u00e9 siempre disponible o exento de errores.Los datos personales facilitados por el usuario se emplear\u00e1n con el \u00fanico fin de proceder al env\u00edo de los productos solicitados. Nuestra tienda online se compromete a no transferir sus datos personales a otras empresas.FRICOPAN SPANIEN S.L.\u00a0 rechaza la responsabilidad sobre la informaci\u00f3n contenida en p\u00e1ginas web de terceras partes conectadas por enlaces (links ) ENV\u00cdOS:\u00a0\u00a0\u00a0 B\u00e1sicamente depender\u00e1 de la disponibilidad del producto. Los productos de nuestra tienda estas disponibles para la provincias de Alicante, Valencia y Murcia. En las\u00a0localidades m\u00e1s pr\u00f3ximas a nuestras instalaciones, los pedidos son entregados por nuestro propios medios.\u00a0El importe m\u00ednimo del pedido es de 25\u20ac. Para el\u00a0resto de Alicante, Valencia y Murcia el importe m\u00ednimo de los pedidos debe de ser de 60\u20ac, y ser\u00e1 entregado por empresas especializadas en distribuci\u00f3n de productos congelados. Para pedidos fuera de las zonas indicadas, pueden telefonear a : +34 965 748 911 [table id=1 \/] FORMAS DE PAGO: Por Pago virtual con tarjeta de cr\u00e9dito a trav\u00e9s de nuestra web.Tambi\u00e9n puede realizar los pagos mediante transferencia bancaria o ingreso en cuenta. \u00a0En caso de pago por transferencia o ingreso en cuenta, si nos env\u00eda un correo electr\u00f3nico con el comprobante de pago, el proceso de preparaci\u00f3n se agiliza, no hemos de esperar a ver el ingreso en cuenta. DERECHOS DE DESISTIMIENTO El cliente no tiene derecho de desistimiento del contrato una vez confirmado el pedido, de manera expresa, puesto que se trata de productos congelados y que pueden deteriorarse o caducar con rapidez, tal y como dispone el art\u00edculo 103.d. del Real Decreto Legislativo 1\/2007, de 16 de noviembre, por el que se aprueba el texto refundido de la Ley General para la Defensa de los Consumidores y Usuarios y otras leyes complementarias.\" \/>\n<meta property=\"og:url\" content=\"https:\/\/fricopan.es\/blog\/politica-de-ventas\/\" \/>\n<meta property=\"og:site_name\" content=\"Fricopan\" \/>\n<meta name=\"twitter:card\" content=\"summary_large_image\" \/>\n<meta name=\"twitter:label1\" content=\"Tiempo de lectura\" \/>\n\t<meta name=\"twitter:data1\" content=\"10 minutos\" \/>\n<script type=\"application\/ld+json\" class=\"yoast-schema-graph\">{\"@context\":\"https:\/\/schema.org\",\"@graph\":[{\"@type\":\"WebPage\",\"@id\":\"https:\/\/fricopan.es\/blog\/politica-de-ventas\/\",\"url\":\"https:\/\/fricopan.es\/blog\/politica-de-ventas\/\",\"name\":\"POL\u00cdTICA DE VENTAS - Fricopan\",\"isPartOf\":{\"@id\":\"\/#website\"},\"datePublished\":\"2021-09-07T10:05:13+00:00\",\"dateModified\":\"2021-09-07T10:05:13+00:00\",\"breadcrumb\":{\"@id\":\"https:\/\/fricopan.es\/blog\/politica-de-ventas\/#breadcrumb\"},\"inLanguage\":\"es\",\"potentialAction\":[{\"@type\":\"ReadAction\",\"target\":[\"https:\/\/fricopan.es\/blog\/politica-de-ventas\/\"]}]},{\"@type\":\"BreadcrumbList\",\"@id\":\"https:\/\/fricopan.es\/blog\/politica-de-ventas\/#breadcrumb\",\"itemListElement\":[{\"@type\":\"ListItem\",\"position\":1,\"name\":\"Portada\",\"item\":\"https:\/\/fricopan.es\/blog\/\"},{\"@type\":\"ListItem\",\"position\":2,\"name\":\"POL\u00cdTICA DE VENTAS\"}]},{\"@type\":\"WebSite\",\"@id\":\"\/#website\",\"url\":\"\/\",\"name\":\"Fricopan\",\"description\":\"Fricopan distribuidora de panader&iacute;a boller&iacute;a congelada\",\"potentialAction\":[{\"@type\":\"SearchAction\",\"target\":{\"@type\":\"EntryPoint\",\"urlTemplate\":\"\/?s={search_term_string}\"},\"query-input\":{\"@type\":\"PropertyValueSpecification\",\"valueRequired\":true,\"valueName\":\"search_term_string\"}}],\"inLanguage\":\"es\"}]}<\/script>\n<!-- \/ Yoast SEO plugin. -->","yoast_head_json":{"title":"POL\u00cdTICA DE VENTAS - Fricopan","robots":{"index":"index","follow":"follow","max-snippet":"max-snippet:-1","max-image-preview":"max-image-preview:large","max-video-preview":"max-video-preview:-1"},"canonical":"https:\/\/fricopan.es\/blog\/politica-de-ventas\/","og_locale":"es_ES","og_type":"article","og_title":"POL\u00cdTICA DE VENTAS - Fricopan","og_description":"POL\u00cdTICA DE VENTASLos precios publicados en nuestra tienda online se expresan en euros y llevan el IVA incluido.Todos los pedidos est\u00e1n sujetos a disponibilidad. No garantizamos que nuestra web o el contenido de la misma est\u00e9 siempre disponible o exento de errores.Los datos personales facilitados por el usuario se emplear\u00e1n con el \u00fanico fin de proceder al env\u00edo de los productos solicitados. Nuestra tienda online se compromete a no transferir sus datos personales a otras empresas.FRICOPAN SPANIEN S.L.\u00a0 rechaza la responsabilidad sobre la informaci\u00f3n contenida en p\u00e1ginas web de terceras partes conectadas por enlaces (links ) ENV\u00cdOS:\u00a0\u00a0\u00a0 B\u00e1sicamente depender\u00e1 de la disponibilidad del producto. Los productos de nuestra tienda estas disponibles para la provincias de Alicante, Valencia y Murcia. En las\u00a0localidades m\u00e1s pr\u00f3ximas a nuestras instalaciones, los pedidos son entregados por nuestro propios medios.\u00a0El importe m\u00ednimo del pedido es de 25\u20ac. Para el\u00a0resto de Alicante, Valencia y Murcia el importe m\u00ednimo de los pedidos debe de ser de 60\u20ac, y ser\u00e1 entregado por empresas especializadas en distribuci\u00f3n de productos congelados. Para pedidos fuera de las zonas indicadas, pueden telefonear a : +34 965 748 911 [table id=1 \/] FORMAS DE PAGO: Por Pago virtual con tarjeta de cr\u00e9dito a trav\u00e9s de nuestra web.Tambi\u00e9n puede realizar los pagos mediante transferencia bancaria o ingreso en cuenta. \u00a0En caso de pago por transferencia o ingreso en cuenta, si nos env\u00eda un correo electr\u00f3nico con el comprobante de pago, el proceso de preparaci\u00f3n se agiliza, no hemos de esperar a ver el ingreso en cuenta. DERECHOS DE DESISTIMIENTO El cliente no tiene derecho de desistimiento del contrato una vez confirmado el pedido, de manera expresa, puesto que se trata de productos congelados y que pueden deteriorarse o caducar con rapidez, tal y como dispone el art\u00edculo 103.d. del Real Decreto Legislativo 1\/2007, de 16 de noviembre, por el que se aprueba el texto refundido de la Ley General para la Defensa de los Consumidores y Usuarios y otras leyes complementarias.","og_url":"https:\/\/fricopan.es\/blog\/politica-de-ventas\/","og_site_name":"Fricopan","twitter_card":"summary_large_image","twitter_misc":{"Tiempo de lectura":"10 minutos"},"schema":{"@context":"https:\/\/schema.org","@graph":[{"@type":"WebPage","@id":"https:\/\/fricopan.es\/blog\/politica-de-ventas\/","url":"https:\/\/fricopan.es\/blog\/politica-de-ventas\/","name":"POL\u00cdTICA DE VENTAS - Fricopan","isPartOf":{"@id":"\/#website"},"datePublished":"2021-09-07T10:05:13+00:00","dateModified":"2021-09-07T10:05:13+00:00","breadcrumb":{"@id":"https:\/\/fricopan.es\/blog\/politica-de-ventas\/#breadcrumb"},"inLanguage":"es","potentialAction":[{"@type":"ReadAction","target":["https:\/\/fricopan.es\/blog\/politica-de-ventas\/"]}]},{"@type":"BreadcrumbList","@id":"https:\/\/fricopan.es\/blog\/politica-de-ventas\/#breadcrumb","itemListElement":[{"@type":"ListItem","position":1,"name":"Portada","item":"https:\/\/fricopan.es\/blog\/"},{"@type":"ListItem","position":2,"name":"POL\u00cdTICA DE VENTAS"}]},{"@type":"WebSite","@id":"\/#website","url":"\/","name":"Fricopan","description":"Fricopan distribuidora de panader&iacute;a boller&iacute;a congelada","potentialAction":[{"@type":"SearchAction","target":{"@type":"EntryPoint","urlTemplate":"\/?s={search_term_string}"},"query-input":{"@type":"PropertyValueSpecification","valueRequired":true,"valueName":"search_term_string"}}],"inLanguage":"es"}]}},"_links":{"self":[{"href":"https:\/\/fricopan.es\/blog\/wp-json\/wp\/v2\/pages\/174","targetHints":{"allow":["GET"]}}],"collection":[{"href":"https:\/\/fricopan.es\/blog\/wp-json\/wp\/v2\/pages"}],"about":[{"href":"https:\/\/fricopan.es\/blog\/wp-json\/wp\/v2\/types\/page"}],"author":[{"embeddable":true,"href":"https:\/\/fricopan.es\/blog\/wp-json\/wp\/v2\/users\/1"}],"replies":[{"embeddable":true,"href":"https:\/\/fricopan.es\/blog\/wp-json\/wp\/v2\/comments?post=174"}],"version-history":[{"count":0,"href":"https:\/\/fricopan.es\/blog\/wp-json\/wp\/v2\/pages\/174\/revisions"}],"wp:attachment":[{"href":"https:\/\/fricopan.es\/blog\/wp-json\/wp\/v2\/media?parent=174"}],"curies":[{"name":"wp","href":"https:\/\/api.w.org\/{rel}","templated":true}]}}